{"id":114,"date":"2024-03-05T23:03:53","date_gmt":"2024-03-05T22:03:53","guid":{"rendered":"https:\/\/enigmaticescapegame.fr\/?page_id=114"},"modified":"2024-03-07T17:46:00","modified_gmt":"2024-03-07T16:46:00","slug":"liv-ret","status":"publish","type":"page","link":"https:\/\/enigmaticescapegame.fr\/index.php\/liv-ret\/","title":{"rendered":"Livraison et retour"},"content":{"rendered":"\t\t<div data-elementor-type=\"wp-page\" data-elementor-id=\"114\" class=\"elementor elementor-114\">\n\t\t\t\t<div class=\"elementor-element elementor-element-106a4ac e-flex e-con-boxed e-con e-parent\" data-id=\"106a4ac\" data-element_type=\"container\">\n\t\t\t\t\t<div class=\"e-con-inner\">\n\t\t\t\t<div class=\"elementor-element elementor-element-f0c5b61 elementor-widget elementor-widget-heading\" data-id=\"f0c5b61\" data-element_type=\"widget\" data-widget_type=\"heading.default\">\n\t\t\t\t<div class=\"elementor-widget-container\">\n\t\t\t<style>\/*! elementor - v3.21.0 - 30-04-2024 *\/\n.elementor-heading-title{padding:0;margin:0;line-height:1}.elementor-widget-heading .elementor-heading-title[class*=elementor-size-]>a{color:inherit;font-size:inherit;line-height:inherit}.elementor-widget-heading .elementor-heading-title.elementor-size-small{font-size:15px}.elementor-widget-heading .elementor-heading-title.elementor-size-medium{font-size:19px}.elementor-widget-heading .elementor-heading-title.elementor-size-large{font-size:29px}.elementor-widget-heading .elementor-heading-title.elementor-size-xl{font-size:39px}.elementor-widget-heading .elementor-heading-title.elementor-size-xxl{font-size:59px}<\/style><h2 class=\"elementor-heading-title elementor-size-default\">Livraison et retour<\/h2>\t\t<\/div>\n\t\t\t\t<\/div>\n\t\t\t\t<div class=\"elementor-element elementor-element-7522735 elementor-widget elementor-widget-text-editor\" data-id=\"7522735\" data-element_type=\"widget\" data-widget_type=\"text-editor.default\">\n\t\t\t\t<div class=\"elementor-widget-container\">\n\t\t\t<style>\/*! elementor - v3.21.0 - 30-04-2024 *\/\n.elementor-widget-text-editor.elementor-drop-cap-view-stacked .elementor-drop-cap{background-color:#69727d;color:#fff}.elementor-widget-text-editor.elementor-drop-cap-view-framed .elementor-drop-cap{color:#69727d;border:3px solid;background-color:transparent}.elementor-widget-text-editor:not(.elementor-drop-cap-view-default) .elementor-drop-cap{margin-top:8px}.elementor-widget-text-editor:not(.elementor-drop-cap-view-default) .elementor-drop-cap-letter{width:1em;height:1em}.elementor-widget-text-editor .elementor-drop-cap{float:left;text-align:center;line-height:1;font-size:50px}.elementor-widget-text-editor .elementor-drop-cap-letter{display:inline-block}<\/style>\t\t\t\t<p><strong>Livraison :<\/strong><\/p><p>Lorsque vous avez pass\u00e9 votre commande, il faut compter environ 3 jours ouvr\u00e9s pour l&rsquo;exp\u00e9dition.<\/p><p>Vos commandes sont principalement envoy\u00e9es par La Poste (Colissimo ou lettre suivie). Vous recevrez un mail avec le num\u00e9ro de suivi d\u00e8s que votre commande sera exp\u00e9di\u00e9e.<\/p><p><strong>Retour :<\/strong><\/p><p>Pour toutes demandes de retour, merci de nous contacter par mail (contact@enigmaticparis.fr), en pr\u00e9cisant les produits \u00e0 retourner ainsi que votre num\u00e9ro de commande.<\/p><p>Si l\u2019article que vous avez command\u00e9 ne vous convient pas, vous disposez d\u2019un d\u00e9lai de 14 jours apr\u00e8s r\u00e9ception de votre colis pour nous le retourner \u00e0 cette adresse :<\/p><p>ENIGAME MLV<\/p><p>8, avenue James de Rothschild<\/p><p>77164 FERRIERES-EN-BRIE<\/p><p>France<\/p><p>L\u2019article retourn\u00e9 ne doit pr\u00e9senter aucun d\u00e9faut, si l\u2019article est tel que quand nous vous l\u2019avons envoy\u00e9, nous proc\u00e9derons \u00e0 un remboursement ou un \u00e9change.<\/p><p>Les frais de livraison sont enti\u00e8rement \u00e0 votre charge.<\/p>\t\t\t\t\t\t<\/div>\n\t\t\t\t<\/div>\n\t\t\t\t\t<\/div>\n\t\t\t\t<\/div>\n\t\t\t\t<\/div>\n\t\t","protected":false},"excerpt":{"rendered":"<p>Livraison et retour Livraison : Lorsque vous avez pass\u00e9 votre commande, il faut compter environ 3 jours ouvr\u00e9s pour l&rsquo;exp\u00e9dition. Vos commandes sont principalement envoy\u00e9es par La Poste (Colissimo ou lettre suivie). Vous recevrez un mail avec le num\u00e9ro de suivi d\u00e8s que votre commande sera exp\u00e9di\u00e9e. Retour : Pour toutes demandes de retour, merci [&hellip;]<\/p>\n","protected":false},"author":2,"featured_media":0,"parent":0,"menu_order":0,"comment_status":"closed","ping_status":"closed","template":"","meta":{"footnotes":""},"class_list":["post-114","page","type-page","status-publish","hentry","entry","owp-thumbs-layout-horizontal","owp-btn-normal","owp-tabs-layout-horizontal","has-no-thumbnails"],"jetpack_sharing_enabled":true,"_links":{"self":[{"href":"https:\/\/enigmaticescapegame.fr\/index.php\/wp-json\/wp\/v2\/pages\/114","targetHints":{"allow":["GET"]}}],"collection":[{"href":"https:\/\/enigmaticescapegame.fr\/index.php\/wp-json\/wp\/v2\/pages"}],"about":[{"href":"https:\/\/enigmaticescapegame.fr\/index.php\/wp-json\/wp\/v2\/types\/page"}],"author":[{"embeddable":true,"href":"https:\/\/enigmaticescapegame.fr\/index.php\/wp-json\/wp\/v2\/users\/2"}],"replies":[{"embeddable":true,"href":"https:\/\/enigmaticescapegame.fr\/index.php\/wp-json\/wp\/v2\/comments?post=114"}],"version-history":[{"count":9,"href":"https:\/\/enigmaticescapegame.fr\/index.php\/wp-json\/wp\/v2\/pages\/114\/revisions"}],"predecessor-version":[{"id":202,"href":"https:\/\/enigmaticescapegame.fr\/index.php\/wp-json\/wp\/v2\/pages\/114\/revisions\/202"}],"wp:attachment":[{"href":"https:\/\/enigmaticescapegame.fr\/index.php\/wp-json\/wp\/v2\/media?parent=114"}],"curies":[{"name":"wp","href":"https:\/\/api.w.org\/{rel}","templated":true}]}}